housands digit of 605064?
5
What is the millions digit of 10197034?
0
What is the tens digit of 116662?
6
What is the hundred thousands digit of 455099?
4
What is the thousands digit of 197736?
7
What is the ten thousands digit of 990342?
9
What is the thousands digit of 654260?
4
What is the units digit of 563885?
5
What is the hundreds digit of 2867136?
1
What is the tens digit of 2352816?
1
What is the thousands digit of 68023?
8
What is the hundred thousands digit of 1000465?
0
What is the tens digit of 388886?
8
What is the thousands digit of 349664?
9
What is the hundred thousands digit of 33734708?
7
What is the thousands digit of 343892?
3
What is the hundreds digit of 47047?
0
What is the hundreds digit of 328668?
6
What is the ten millions digit of 18701057?
1
What is the tens digit of 1245303?
0
What is the tens digit of 34874?
7
What is the millions digit of 4470518?
4
What is the units digit of 3679023?
3
What is the hundreds digit of 2010386?
3
What is the tens digit of 1324680?
8
What is the thousands digit of 100581?
0
What is the hundreds digit of 20759730?
7
What is the units digit of 413060?
0
What is the ten thousands digit of 5848340?
4
What is the hundreds digit of 14663457?
4
What is the hundreds digit of 2492524?
5
What is the hundred thousands digit of 17376019?
3
What is the thousands digit of 31125?
1
What is the units digit of 56822?
2
What is the hundreds digit of 42338?
3
What is the thousands digit of 30047?
0
What is the ten thousands digit of 1179612?
7
What is the units digit of 389501?
1
What is the ten thousands digit of 154403?
5
What is the units digit of 213130?
0
What is the tens digit of 2943?
4
What is the ten thousands digit of 4261045?
6
What is the millions digit of 9015174?
9
What is the hundreds digit of 529194?
1
What is the hundred thousands digit of 156650?
1
What is the hundred thousands digit of 813405?
8
What is the ten thousands digit of 3024760?
2
What is the units digit of 2270014?
4
What is the ten thousands digit of 15272010?
7
What is the hundred thousands digit of 2043666?
0
What is the ten thousands digit of 383287?
8
What is the hundred thousands digit of 222980?
2
What is the tens digit of 9173479?
7
What is the hundred thousands digit of 4525126?
5
What is the hundred thousands digit of 26469388?
4
What is the hundred thousands digit of 5939964?
9
What is the thousands digit of 310190?
0
What is the thousands digit of 854666?
4
What is the thousands digit of 2455418?
5
What is the hundreds digit of 7513792?
7
What is the ten thousands digit of 453309?
5
What is the tens digit of 103303?
0
What is the hundred thousands digit of 170847?
1
What is the thousands digit of 9459887?
9
What is the ten thousands digit of 174008?
7
What is the hundreds digit of 378368?
3
What is the hundred thousands digit of 261787?
2
What is the hundreds digit of 218261?
2
What is the tens digit of 15203293?
9
What is the units digit of 2267516?
6
What is the millions digit of 1374750?
1
What is the units digit of 1352656?
6
What is the units digit of 1892698?
8
What is the units digit of 11449382?
2
What is the millions digit of 31355192?
1
What is the ten thousands digit of 975998?
7
What is the millions digit of 1206746?
1
What is the ten thousands digit of 237338?
3
What is the ten thousands digit of 12870767?
7
What is the thousands digit of 368279?
8
What is the hundreds digit of 451751?
7
What is the hundred thousands digit of 13004996?
0
What is the hundreds digit of 113320?
3
What is the hundreds digit of 100972?
9
What is the thousands digit of 17167?
7
What is the tens digit of 5086360?
6
What is the millions digit of 1096930?
1
What is the hundreds digit of 103711?
7
What is the millions digit of 2654918?
2
What is the units digit of 474395?
5
What is the tens digit of 166116?
1
What is the thousands digit of 63501?
3
What is the ten thousands digit of 66186?
6
What is the hundreds digit of 1769726?
7
What is the thousands digit of 12490?
2
What is the ten thousands digit of 8108686?
0
What is the units digit of 47925?
5
What is the units digit of 432256?
6
What is the units digit of 18203359?
9
What is the units digit of 203104?
4
What is the units digit of 14869250?
0
What is the hundred thousands digit of 3840216?
8
What is the tens digit of 1549256?
5
What is the units digit of 351733?
3
What is the tens digit of 641573?
7
What is the thousands digit of 3725504?
5
What is the hundred thousands digit of 8063936?
0
What is the tens digit of 1412883?
8
What is the units digit of 23827?
7
What is the hundred thousands digit of 483891?
4
What is the tens digit of 1309755?
5
What is the units digit of 4515098?
8
What is the tens digit of 44366?
6
What is the hundreds digit of 15516721?
7
What is the hundreds digit of 517967?
9
What is the ten millions digit of 18066924?
1
What is the units digit of 296370?
0
What is the units digit of 14352218?
8
What is the ten thousands digit of 1138001?
3
What is the hundred thousands digit of 309058?
3
What is the millions digit of 3422167?
3
What is the units digit of 23500207?
7
What is the tens digit of 7527265?
6
What is the units digit of 617794?
4
What is the hundred thousands digit of 269448?
2
What is the tens digit of 240413?
1
What is the hundred thousands digit of 981826?
9
What is the hundreds digit of 585585?
5
What is the millions digit of 1255558?
1
What is the units digit of 7191456?
6
What is the units digit of 496313?
3
What is the ten thousands digit of 21860?
2
What is the ten thousands digit of 478995?
7
What is the hundred thousands digit of 1036793?
0
What is the units digit of 54121?
1
What is the thousands digit of 380411?
0
What is the units digit of 349087?
7
What is the hundreds digit of 29564?
5
What is the ten thousands digit of 408777?
0
What is the units digit of 141554?
4
What is the hundreds digit of 131861?
8
What is the hundreds digit of 1624424?
4
What is the thousands digit of 465149?
5
What is the ten thousands digit of 79616?
7
What is the hundred thousands digit of 2408587?
4
What is the units digit of 817275?
5
What is the tens digit of 2585288?
8
What is the units digit of 144936?
6
What is the ten thousands digit of 2236671?
3
What is the hundred thousands digit of 448073?
4
What is the tens digit of 2281228?
2
What is the ten thousands digit of 625517?
2
What is the ten thousands digit of 6335382?
3
What is the hundred thousands digit of 111074?
1
What is the ten thousands digit of 7961904?
6
What is the units digit of 774502?
2
What is the hundreds digit of 291919?
9
What is the thousands digit of 4065411?
5
What is the hundreds digit of 1265798?
7
What is the hundred thousands digit of 129994?
1
What is the units digit of 9251704?
4
What is the units digit of 83164?
4
What is the units digit of 588127?
7
What is the tens digit of 3359255?
5
What is the hundreds digit of 176650?
6
What is the thousands digit of 347141?
7
What is the thousands digit of 45367?
5
What is the tens digit of 142542?
4
What is the thousands digit of 1161711?
1
What is the units digit of 49886?
6
What is the units digit of 726328?
8
What is the units digit of 163014?
4
What is the hundred thousands digit of 1207216?
2
What is the hundreds digit of 3847651?
6
What is the millions digit of 12176289?
2
What is the hundreds digit of 234126?
1
What is the ten thousands digit of 2587634?
8
What is the hundreds digit of 532370?
3
What is the hundreds digit of 137177?
1
What is the tens digit of 426245?
4
What is the hundred thousands digit of 35723808?
7
What is the thousands digit of 15801279?
1
What is the units digit of 4310976?
6
What is the thousands digit of 2031319?
1
What is the hundreds digit of 856219?
2
What is the hundred thousands digit of 351648?
3
What is the thousands digit of 6114?
6
What is the thousands digit of 2837083?
7
What is the units digit of 266217?
7
What is the ten thousands digit of 485899?
8
What is the ten thousands digit of 3808226?
0
What is the thousands digit of 3702223?
2
What is the units digit of 56707?
7
What is the ten millions digit of 11420554?
1
What is the hundred thousands digit of 918627?
9
What is the units digit of 1332737?
7
What is the hundred thousands digit of 331263?
3
What is the units